{"id":1394,"date":"2022-08-13T08:11:39","date_gmt":"2022-08-13T08:11:39","guid":{"rendered":"https:\/\/tinysalt.loftocean.com\/elementor\/?page_id=1394"},"modified":"2024-07-21T08:58:58","modified_gmt":"2024-07-21T08:58:58","slug":"tietoa-meista","status":"publish","type":"page","link":"https:\/\/kokataan.com\/index.php\/tietoa-meista\/","title":{"rendered":"Tietoa meist\u00e4"},"content":{"rendered":"\t\t<div data-elementor-type=\"wp-page\" data-elementor-id=\"1394\" class=\"elementor elementor-1394\">\n\t\t\t\t<div class=\"elementor-element elementor-element-7765035 e-flex e-con-boxed e-con e-parent\" data-id=\"7765035\" data-element_type=\"container\" data-e-type=\"container\">\n\t\t\t\t\t<div class=\"e-con-inner\">\n\t\t\t\t<div class=\"elementor-element elementor-element-32dd266 elementor-widget elementor-widget-text-editor\" data-id=\"32dd266\" data-element_type=\"widget\" data-e-type=\"widget\" data-widget_type=\"text-editor.default\">\n\t\t\t\t<div class=\"elementor-widget-container\">\n\t\t\t\t\t\t\t\t\t<p>Moikka,<\/p>\n<p>Me ollaan Rallu ja Sanna, meille ruoka ja viini on el\u00e4m\u00e4n tapa.&nbsp;<span style=\"font-size: inherit; color: var(--content-color); font-family: var(--body-font);\">Meill\u00e4 on vuosikymmenten kokemus ruuanlaitosta ja grillaamisesta. Olemme matkustaneet ja matkustamme edelleen viinin ja ruuan per\u00e4ss\u00e4 ymp\u00e4ri Eurooppaa. N\u00e4ill\u00e4 reissuilla tutustumme eri maiden kulttuuriin, paikallisiin herkkuihin ja raaka-aineisiin, sek\u00e4 kuinka niist\u00e4 perinteisesti valmistetaan ruokaa.<\/span><\/p>\n<p>Leikkis\u00e4sti voidaan sanoa, ett\u00e4 Rallu on saanut saanut ruuanlaitto-, leipuri- sek\u00e4 grillaustaitonsa jo \u00e4idinmaidossa, sill\u00e4 Rallun \u00e4iti oli huippu kotikokki, jolla oli hanskassa perinteisten suomalaisten ruokien lis\u00e4ksi kansainv\u00e4linen keitti\u00f6. T\u00e4m\u00e4n lis\u00e4ksi h\u00e4n oli kyl\u00e4n paras leipuri. Rallun perheen &#8221;grillijuuret&#8221; juontavat Argentiinaan, aikaan jolloin Rallun is\u00e4 ja isovanhemmat asuivat muutamia vuosia Buenosairesissa. Sielt\u00e4 tarttui mukaan argentiinalainen liha- ja grillikulttuuri. N\u00e4it\u00e4 grillioppeja Rallu sitten ammensi jo pikkupoikana tarkasti seuraten, kun isois\u00e4 ja is\u00e4 grillasivat juhlissa suuria, pitk\u00e4\u00e4n raakakypsytettyj\u00e4 t-luupihvej\u00e4, joita silloin kutsuttiin asadoiksi.<\/p>\n<p>My\u00f6s Sannan ruuanlaitto-opit ovat l\u00e4ht\u00f6isin Rallun \u00e4idin keitti\u00f6st\u00e4. Keitti\u00f6st\u00e4, jonne ihan kenell\u00e4 tahansa ei ollut asiaa, mutta Rallun \u00e4iti otti Sannan keitti\u00f6\u00f6n ja opetti h\u00e4nelle k\u00e4dest\u00e4 pit\u00e4en ruuanlaiton saloja, sek\u00e4 kuinka suvun perinneruoat valmistetaan.<\/p>\n<p><span style=\"font-size: inherit; color: var(--content-color); font-family: var(--body-font);\">T\u00e4m\u00e4n lis\u00e4ksi meill\u00e4 on ollut ilo tutustua ja saatu oppia monilta huippukokeilta ihan Michelin -t\u00e4hti kokkeja my\u00f6ten. N\u00e4iden vuosikymmenten aikana on tullut tutuiksi niin molekyyligastronomia, Sous Vide, kuin muut perinteisemm\u00e4t tavat valmistaa ruokaa.<\/span><\/p>\n<p>My\u00f6s ammattimaisesta ruuanlaitosta meill\u00e4 on hitunen henkil\u00f6kohtaista kokemusta, aikanaan muutamien tehtyjen catering -keikkojen my\u00f6t\u00e4.<span style=\"font-size: inherit; color: var(--content-color); font-family: var(--body-font);\"><br><\/span><\/p>\n<p><span style=\"font-size: inherit; color: var(--content-color); font-family: var(--body-font);\">Viinien maailma on meille rakas harrastus. Jo 18 -vuotiaina aloimme tutustumaan viinien saloihin ja syvent\u00e4\u00e4ksemme tietoa jopa valmistimme tuohon aikaan kotiviini\u00e4. Sittemmin k\u00e4vimme opiskelemassa lis\u00e4\u00e4 erilaisilla viinikursseilla ja lukuisilla vierailuilla Euroopan viinitiloilla.&nbsp;<\/span><\/p>\n<p><span style=\"font-size: inherit; color: var(--content-color); font-family: var(--body-font);\">Vuonna 2010 &#8211; 2011 Rallu suoritti WSET:n Advanced tason viinitutkinnon ja sen j\u00e4lkeen aloimme itse pit\u00e4m\u00e4\u00e4n viininmaisteluiltoja ja opettamaan ihmisi\u00e4 viinin ja ruuan yhdist\u00e4misen saloihin.<\/span><\/p>\n<p><span style=\"font-size: inherit; color: var(--content-color); font-family: var(--body-font);\">Vuonna 2014 voitimme Pernod Rickardin j\u00e4rjest\u00e4m\u00e4n &#8221;Oiva&#8221; viinin ja ruuan yhdist\u00e4misen kilpailun, jossa piti kehitt\u00e4\u00e4 resepti annetuille viineille. T\u00e4m\u00e4 voittaja reseptin &#8221;Grillattu Flank Steak ja hedelm\u00e4inen salsa&#8221;&nbsp; l\u00f6ytyy muuten reseptit hakemistosta liha- ja grilliherkut kategoriasta, sek\u00e4 t\u00e4m\u00e4n tekstin ala puolelta.<\/span><\/p>\n<p>Meill\u00e4 on my\u00f6s JustDoMedia Youtube -kanava, josta l\u00f6yd\u00e4t useita sarjoja meid\u00e4n tekemist\u00e4 ruoka- ja viinimatkoista, sek\u00e4 erilaisia ruokavideoita. Kokataan.com sivustolta l\u00f6yd\u00e4t meid\u00e4n omia, sek\u00e4 muilta oppimiamme reseptej\u00e4 ja ohjevideoita.<\/p>\t\t\t\t\t\t\t\t<\/div>\n\t\t\t\t<\/div>\n\t\t\t\t\t<\/div>\n\t\t\t\t<\/div>\n\t\t<div class=\"elementor-element elementor-element-913a9b3 e-flex e-con-boxed e-con e-parent\" data-id=\"913a9b3\" data-element_type=\"container\" data-e-type=\"container\">\n\t\t\t\t\t<div class=\"e-con-inner\">\n\t\t\t\t<div class=\"elementor-element elementor-element-83da7f1 elementor-widget elementor-widget-ts_blog\" data-id=\"83da7f1\" data-element_type=\"widget\" data-e-type=\"widget\" data-widget_type=\"ts_blog.default\">\n\t\t\t\t<div class=\"elementor-widget-container\">\n\t\t\t\t\t\t\t\t\t<div class=\"posts layout-large style-normal\">\n\t\t\t\t\t<div class=\"posts-wrapper\">\n\n<article class=\"post-43 post type-post status-publish format-standard has-post-thumbnail hentry category-grilliherkut category-liha tag-flank-steak tag-hedelmainen-salsa\">         \t<div class=\"featured-img\">            <a href=\"https:\/\/kokataan.com\/index.php\/2024\/06\/19\/grillattu-flank-steak-hedelmainen-salsa-ja-1865-single-vineyard-cabernet-sauvignon\/\"><img fetchpriority=\"high\" decoding=\"async\" width=\"1038\" height=\"576\" src=\"https:\/\/kokataan.com\/wp-content\/uploads\/2024\/06\/Flank-Steak-rullat-lautasella-3.webp\" class=\"attachment-tinysalt_medium size-tinysalt_medium wp-post-image\" alt=\"\" srcset=\"https:\/\/kokataan.com\/wp-content\/uploads\/2024\/06\/Flank-Steak-rullat-lautasella-3.webp 1038w, https:\/\/kokataan.com\/wp-content\/uploads\/2024\/06\/Flank-Steak-rullat-lautasella-3-300x166.webp 300w, https:\/\/kokataan.com\/wp-content\/uploads\/2024\/06\/Flank-Steak-rullat-lautasella-3-1024x568.webp 1024w, https:\/\/kokataan.com\/wp-content\/uploads\/2024\/06\/Flank-Steak-rullat-lautasella-3-768x426.webp 768w, https:\/\/kokataan.com\/wp-content\/uploads\/2024\/06\/Flank-Steak-rullat-lautasella-3-780x433.webp 780w, https:\/\/kokataan.com\/wp-content\/uploads\/2024\/06\/Flank-Steak-rullat-lautasella-3-600x333.webp 600w, https:\/\/kokataan.com\/wp-content\/uploads\/2024\/06\/Flank-Steak-rullat-lautasella-3-550x305.webp 550w, https:\/\/kokataan.com\/wp-content\/uploads\/2024\/06\/Flank-Steak-rullat-lautasella-3-370x205.webp 370w, https:\/\/kokataan.com\/wp-content\/uploads\/2024\/06\/Flank-Steak-rullat-lautasella-3-255x142.webp 255w\" sizes=\"(max-width: 1366px) 1140px, 1380px\" \/><\/a>        <div class=\"overlay-label time\">\n    \t\t<a href=\"https:\/\/kokataan.com\/index.php\/2024\/06\/19\/grillattu-flank-steak-hedelmainen-salsa-ja-1865-single-vineyard-cabernet-sauvignon\/\">\n    \t\t\t<time class=\"published\" datetime=\"2024-06-19T09:15:26+00:00\">19 kes\u00e4kuun, 2024<\/time>\n    \t\t<\/a>\n    \t<\/div> \t\t\t<div class=\"overlay-label like post-like loftocean-like-meta mobile-visible\" data-post-id=\"43\" data-like-count=\"4\">\n\t\t\t\t<i class=\"fas fa-heart\"><\/i>\n\t\t\t<\/div>        \t<\/div>    \t<div class=\"post-content\">\n    \t\t<header class=\"post-header\">\n    \t\t\t<h2 class=\"post-title\">\n    \t\t\t\t<a href=\"https:\/\/kokataan.com\/index.php\/2024\/06\/19\/grillattu-flank-steak-hedelmainen-salsa-ja-1865-single-vineyard-cabernet-sauvignon\/\">Grillattu Flank Steak ja hedelm\u00e4inen salsa<\/a>\n    \t\t\t<\/h2>\n                    \t\t\t\t\t\t<div class=\"cat-links\"><a href=\"https:\/\/kokataan.com\/index.php\/category\/grilliherkut\/\" rel=\"tag\">GrilliHerkut<\/a> \/ <a href=\"https:\/\/kokataan.com\/index.php\/category\/liha\/\" rel=\"tag\">Liha<\/a><\/div>                    \t\t<\/header>\t\t<div class=\"post-excerpt\"><p>Osallistuimme t\u00e4ll\u00e4 reseptill\u00e4 vuonna 2014 Pernod Ricard Finlandin j\u00e4rjest\u00e4m\u00e4\u00e4n viinin ja ruoan yhdist\u00e4misen kilpailuun ja lopulta voitimme koko kilpailun.Toisen osakilpailun viinin\u00e4 toimi chilel\u00e4isen viinitalon Vi\u00f1a San Pedron 1865 Single Vineyard Cabernet Sauvignon 2011, johon piti kehitt\u00e4\u00e4 yhteensopiva ruokaresepti. Annoksen tulisi olla sormin sy\u00f6t\u00e4v\u00e4 ja sopia kattoterassilla j\u00e4rjestett\u00e4viin juhliin, eli sormin &#8230;<\/p>\n<\/div>         \t\t<footer class=\"post-footer\">\t\t<div class=\"more-btn\">\n\t\t\t<a class=\"read-more-btn\" href=\"https:\/\/kokataan.com\/index.php\/2024\/06\/19\/grillattu-flank-steak-hedelmainen-salsa-ja-1865-single-vineyard-cabernet-sauvignon\/\"><span>Lue lis\u00e4\u00e4<\/span><\/a>\n\t\t<\/div> <\/footer>    \t<\/div><\/article>\n\t\t\t\t\t<\/div>\n\t\t\t\t<\/div>\t\t\t\t<\/div>\n\t\t\t\t<\/div>\n\t\t\t\t\t<\/div>\n\t\t\t\t<\/div>\n\t\t\t\t<\/div>\n\t\t","protected":false},"excerpt":{"rendered":"<p>Moikka, Me ollaan Rallu ja Sanna, meille ruoka ja viini on el\u00e4m\u00e4n tapa.&nbsp;Meill\u00e4 on vuosikymmenten kokemus ruuanlaitosta ja grillaamisesta. Olemme matkustaneet ja matkustamme edelleen viinin ja ruuan per\u00e4ss\u00e4 ymp\u00e4ri Eurooppaa. N\u00e4ill\u00e4 reissuilla tutustumme eri maiden kulttuuriin, paikallisiin herkkuihin ja raaka-aineisiin, sek\u00e4 kuinka niist\u00e4 perinteisesti valmistetaan ruokaa. Leikkis\u00e4sti voidaan sanoa, ett\u00e4 Rallu on saanut saanut ruuanlaitto-, &#8230;<\/p>\n","protected":false},"author":1,"featured_media":2948,"parent":0,"menu_order":0,"comment_status":"closed","ping_status":"closed","template":"","meta":{"wprm-recipe-roundup-name":"","wprm-recipe-roundup-description":"","tinysalt_hide_before_page_content_ad":"","tinysalt_hide_after_page_content_ad":"","tinysalt_hide_page_header":"","tinysalt_advanced_classname":"","tinysalt_page_featured_media_position":"","tinysalt_single_site_header_source":"","tinysalt_single_custom_site_header":"0","tinysalt_single_custom_sticky_site_header":"0","tinysalt_single_custom_sticky_site_header_style":"sticky-scroll-up","tinysalt_single_site_footer_source":"","tinysalt_single_custom_site_footer":"0","footnotes":""},"class_list":["post-1394","page","type-page","status-publish","has-post-thumbnail","hentry"],"aioseo_notices":[],"_links":{"self":[{"href":"https:\/\/kokataan.com\/index.php\/wp-json\/wp\/v2\/pages\/1394","targetHints":{"allow":["GET"]}}],"collection":[{"href":"https:\/\/kokataan.com\/index.php\/wp-json\/wp\/v2\/pages"}],"about":[{"href":"https:\/\/kokataan.com\/index.php\/wp-json\/wp\/v2\/types\/page"}],"author":[{"embeddable":true,"href":"https:\/\/kokataan.com\/index.php\/wp-json\/wp\/v2\/users\/1"}],"replies":[{"embeddable":true,"href":"https:\/\/kokataan.com\/index.php\/wp-json\/wp\/v2\/comments?post=1394"}],"version-history":[{"count":0,"href":"https:\/\/kokataan.com\/index.php\/wp-json\/wp\/v2\/pages\/1394\/revisions"}],"wp:featuredmedia":[{"embeddable":true,"href":"https:\/\/kokataan.com\/index.php\/wp-json\/wp\/v2\/media\/2948"}],"wp:attachment":[{"href":"https:\/\/kokataan.com\/index.php\/wp-json\/wp\/v2\/media?parent=1394"}],"curies":[{"name":"wp","href":"https:\/\/api.w.org\/{rel}","templated":true}]}}